{"id":24,"date":"2023-07-19T15:55:22","date_gmt":"2023-07-19T18:55:22","guid":{"rendered":"http:\/\/pdr.org.br\/?page_id=24"},"modified":"2025-07-01T21:50:45","modified_gmt":"2025-07-02T00:50:45","slug":"sobre","status":"publish","type":"page","link":"https:\/\/pdr.org.br\/?page_id=24","title":{"rendered":"Sobre"},"content":{"rendered":"\n<div class=\"wp-block-cover alignfull\" style=\"min-height:206px;aspect-ratio:unset;\"><span aria-hidden=\"true\" class=\"wp-block-cover__background has-nv-site-bg-background-color has-background-dim-100 has-background-dim\"><\/span><div class=\"wp-block-cover__inner-container is-layout-flow wp-block-cover-is-layout-flow\">\n<div class=\"wp-block-group\"><div class=\"wp-block-group__inner-container is-layout-flow wp-block-group-is-layout-flow\">\n<h2 class=\"wp-block-heading has-text-align-left has-neve-text-color-color has-text-color\">Sobre n\u00f3s<\/h2>\n\n\n\n<p class=\"has-neve-text-color-color has-text-color\" style=\"font-size:22px\">Criamos uma fonte s\u00f3lida, perene e regular de recursos para fomentar transforma\u00e7\u00f5es sociais positivas<\/p>\n<\/div><\/div>\n<\/div><\/div>\n\n\n\n<div class=\"wp-block-cover alignfull\" style=\"min-height:600px;aspect-ratio:unset;\"><span aria-hidden=\"true\" class=\"wp-block-cover__background has-nv-light-bg-background-color has-background-dim-100 has-background-dim\"><\/span><div class=\"wp-block-cover__inner-container is-layout-flow wp-block-cover-is-layout-flow\">\n<div class=\"wp-block-group\"><div class=\"wp-block-group__inner-container is-layout-flow wp-block-group-is-layout-flow\">\n<div style=\"height:50px\" aria-hidden=\"true\" class=\"wp-block-spacer\"><\/div>\n\n\n\n<div class=\"wp-block-columns are-vertically-aligned-center is-layout-flex wp-container-core-columns-is-layout-9d6595d7 wp-block-columns-is-layout-flex\">\n<div class=\"wp-block-column is-vertically-aligned-center is-layout-flow wp-block-column-is-layout-flow\" style=\"flex-basis:50%\">\n<figure class=\"wp-block-image size-large\"><img loading=\"lazy\" decoding=\"async\" width=\"1024\" height=\"1024\" src=\"http:\/\/pdr.org.br\/wp-content\/uploads\/2023\/08\/MG_6511-Editar-1024x1024.jpg\" alt=\"\" class=\"wp-image-103\" srcset=\"https:\/\/pdr.org.br\/wp-content\/uploads\/2023\/08\/MG_6511-Editar-1024x1024.jpg 1024w, https:\/\/pdr.org.br\/wp-content\/uploads\/2023\/08\/MG_6511-Editar-300x300.jpg 300w, https:\/\/pdr.org.br\/wp-content\/uploads\/2023\/08\/MG_6511-Editar-150x150.jpg 150w, https:\/\/pdr.org.br\/wp-content\/uploads\/2023\/08\/MG_6511-Editar-768x768.jpg 768w, https:\/\/pdr.org.br\/wp-content\/uploads\/2023\/08\/MG_6511-Editar.jpg 1508w\" sizes=\"auto, (max-width: 1024px) 100vw, 1024px\" \/><\/figure>\n<\/div>\n\n\n\n<div class=\"wp-block-column is-vertically-aligned-center is-layout-flow wp-block-column-is-layout-flow\" style=\"flex-basis:50%\">\n<p class=\"has-neve-text-color-color has-text-color has-medium-font-size\"><strong><em>Nos termos da Lei 13.800\/19, os fundos patrimoniais filantr\u00f3picos s\u00e3o um instrumento que contribui para a sustentabilidade financeira de organiza\u00e7\u00f5es sem fins lucrativos que defendem causas de interesse p\u00fablico.<\/em><\/strong><\/p>\n\n\n\n<p class=\"has-neve-text-color-color has-text-color\">O PDR deriva seu nome das iniciais de seus criadores Patr\u00edcia, Daniel e Ricardo Villela Marino. Fruto do engajamento c\u00edvico social da fam\u00edlia, a sigla em ingl\u00eas resume o esp\u00edrito da iniciativa: Purpose Driven Resources (ou &#8220;recursos voltados a um prop\u00f3sito&#8221;). Sua miss\u00e3o \u00e9 garantir os direitos humanos e constitucionais, promovendo a cidadania, a inclus\u00e3o social e apoiando projetos e causas de interesse p\u00fablico que buscam transformar a realidade etno-c\u00edvico-socioambiental do Brasil.<\/p>\n\n\n\n<p class=\"has-neve-text-color-color has-text-color\">O PDR \u00e9 um instrumento de apoio a essas causas, trabalhando em benef\u00edcio da sociedade atrav\u00e9s da gest\u00e3o de fundo patrimonial e destina\u00e7\u00e3o de recursos \u00e0s institui\u00e7\u00f5es apoiadas. Al\u00e9m do Instituto Humanitas360, do qual \u00e9 o mantenedor principal, o PDR nasce dando suporte financeiro e de gest\u00e3o outras organiza\u00e7\u00f5es sem fins lucrativos, como o Instituto  Ficus e a Articuladora de Neg\u00f3cios de Impacto da Periferia (ANIP). Os aportes financeiros nessas organiza\u00e7\u00f5es sem fins lucrativos s\u00e3o feitos em rigorosa conformidade com a Lei 13.800\/19.<\/p>\n\n\n\n<p><\/p>\n<\/div>\n<\/div>\n\n\n\n<div style=\"height:40px\" aria-hidden=\"true\" class=\"wp-block-spacer\"><\/div>\n<\/div><\/div>\n<\/div><\/div>\n\n\n\n<div class=\"wp-block-cover alignfull\" style=\"min-height:600px;aspect-ratio:unset;\"><span aria-hidden=\"true\" class=\"wp-block-cover__background has-nv-dark-bg-background-color has-background-dim-100 has-background-dim\"><\/span><div class=\"wp-block-cover__inner-container is-layout-flow wp-block-cover-is-layout-flow\">\n<div class=\"wp-block-group\"><div class=\"wp-block-group__inner-container is-layout-flow wp-block-group-is-layout-flow\">\n<div style=\"height:80px\" aria-hidden=\"true\" class=\"wp-block-spacer\"><\/div>\n\n\n\n<div class=\"wp-block-columns are-vertically-aligned-center is-layout-flex wp-container-core-columns-is-layout-9d6595d7 wp-block-columns-is-layout-flex\">\n<div class=\"wp-block-column is-vertically-aligned-center is-layout-flow wp-block-column-is-layout-flow\" style=\"flex-basis:50%\">\n<figure class=\"wp-block-image size-large\"><img loading=\"lazy\" decoding=\"async\" width=\"1024\" height=\"683\" src=\"http:\/\/pdr.org.br\/wp-content\/uploads\/2023\/08\/cannabis-thinking-1024x683.webp\" alt=\"\" class=\"wp-image-116\" srcset=\"https:\/\/pdr.org.br\/wp-content\/uploads\/2023\/08\/cannabis-thinking-1024x683.webp 1024w, https:\/\/pdr.org.br\/wp-content\/uploads\/2023\/08\/cannabis-thinking-300x200.webp 300w, https:\/\/pdr.org.br\/wp-content\/uploads\/2023\/08\/cannabis-thinking-768x512.webp 768w, https:\/\/pdr.org.br\/wp-content\/uploads\/2023\/08\/cannabis-thinking-930x620.webp 930w, https:\/\/pdr.org.br\/wp-content\/uploads\/2023\/08\/cannabis-thinking.webp 1536w\" sizes=\"auto, (max-width: 1024px) 100vw, 1024px\" \/><\/figure>\n<\/div>\n\n\n\n<div class=\"wp-block-column is-vertically-aligned-center is-layout-flow wp-block-column-is-layout-flow\" style=\"flex-basis:50%\">\n<h3 class=\"wp-block-heading has-nv-text-dark-bg-color has-text-color\">Purpose Driven Resources<\/h3>\n\n\n\n<p class=\"has-nv-text-dark-bg-color has-text-color\">A estrutura de sele\u00e7\u00e3o de projetos, acompanhamento de performance e mensura\u00e7\u00e3o de impacto do PDR Fundo Filantr\u00f3pico tamb\u00e9m serve para orientar outras iniciativas da fam\u00edlia, como seus investimentos em neg\u00f3cios de impacto socioambiental, apoios culturais e educacionais.<\/p>\n\n\n\n<p class=\"has-nv-text-dark-bg-color has-text-color\">Entre nossos investimentos de est\u00e1gio inicial em neg\u00f3cios sociais com grande potencial de impacto positivo destacam-se o CIVI-CO, Scirama e Tereza, que tamb\u00e9m s\u00e3o acompanhados pela equipe do PDR Fundo Filantr\u00f3pico. O mesmo acontece com os recursos financeiros fornecidos para institui\u00e7\u00f5es de ensino, forma\u00e7\u00e3o de jovens talentos e apoios a produ\u00e7\u00f5es culturais e audiovisuais, que contribuem com as causas que a fam\u00edlia defende.<\/p>\n\n\n\n<div style=\"height:20px\" aria-hidden=\"true\" class=\"wp-block-spacer\"><\/div>\n\n\n\n<div class=\"wp-block-buttons is-layout-flex wp-block-buttons-is-layout-flex\">\n<div class=\"wp-block-button is-style-primary\"><a class=\"wp-block-button__link wp-element-button\" href=\"https:\/\/pdr.org.br\/?page_id=185\">SAIBA MAIS<\/a><\/div>\n<\/div>\n\n\n\n<div style=\"height:20px\" aria-hidden=\"true\" class=\"wp-block-spacer\"><\/div>\n<\/div>\n<\/div>\n\n\n\n<div style=\"height:40px\" aria-hidden=\"true\" class=\"wp-block-spacer\"><\/div>\n<\/div><\/div>\n<\/div><\/div>\n","protected":false},"excerpt":{"rendered":"","protected":false},"author":1,"featured_media":0,"parent":0,"menu_order":0,"comment_status":"closed","ping_status":"closed","template":"","meta":{"neve_meta_sidebar":"","neve_meta_container":"","neve_meta_enable_content_width":"on","neve_meta_content_width":100,"neve_meta_title_alignment":"","neve_meta_author_avatar":"","neve_post_elements_order":"","neve_meta_disable_header":"","neve_meta_disable_footer":"","neve_meta_disable_title":"on","footnotes":""},"class_list":["post-24","page","type-page","status-publish","hentry"],"_links":{"self":[{"href":"https:\/\/pdr.org.br\/index.php?rest_route=\/wp\/v2\/pages\/24","targetHints":{"allow":["GET"]}}],"collection":[{"href":"https:\/\/pdr.org.br\/index.php?rest_route=\/wp\/v2\/pages"}],"about":[{"href":"https:\/\/pdr.org.br\/index.php?rest_route=\/wp\/v2\/types\/page"}],"author":[{"embeddable":true,"href":"https:\/\/pdr.org.br\/index.php?rest_route=\/wp\/v2\/users\/1"}],"replies":[{"embeddable":true,"href":"https:\/\/pdr.org.br\/index.php?rest_route=%2Fwp%2Fv2%2Fcomments&post=24"}],"version-history":[{"count":27,"href":"https:\/\/pdr.org.br\/index.php?rest_route=\/wp\/v2\/pages\/24\/revisions"}],"predecessor-version":[{"id":285,"href":"https:\/\/pdr.org.br\/index.php?rest_route=\/wp\/v2\/pages\/24\/revisions\/285"}],"wp:attachment":[{"href":"https:\/\/pdr.org.br\/index.php?rest_route=%2Fwp%2Fv2%2Fmedia&parent=24"}],"curies":[{"name":"wp","href":"https:\/\/api.w.org\/{rel}","templated":true}]}}