{"id":23,"date":"2023-07-19T15:55:22","date_gmt":"2023-07-19T18:55:22","guid":{"rendered":"http:\/\/pdr.org.br\/?page_id=23"},"modified":"2023-11-24T00:34:08","modified_gmt":"2023-11-24T03:34:08","slug":"pagina-inicial","status":"publish","type":"page","link":"https:\/\/pdr.org.br\/","title":{"rendered":"P\u00e1gina Inicial"},"content":{"rendered":"\n<div class=\"wp-block-cover alignfull is-light has-small-font-size\" style=\"min-height:574px;aspect-ratio:unset;\"><span aria-hidden=\"true\" class=\"wp-block-cover__background has-background-dim-0 has-background-dim\"><\/span><img loading=\"lazy\" decoding=\"async\" width=\"1088\" height=\"692\" class=\"wp-block-cover__image-background wp-image-59\" alt=\"\" src=\"http:\/\/pdr.org.br\/wp-content\/uploads\/2023\/07\/fundo_pdr.jpg\" style=\"object-position:39% 37%\" data-object-fit=\"cover\" data-object-position=\"39% 37%\" srcset=\"https:\/\/pdr.org.br\/wp-content\/uploads\/2023\/07\/fundo_pdr.jpg 1088w, https:\/\/pdr.org.br\/wp-content\/uploads\/2023\/07\/fundo_pdr-300x191.jpg 300w, https:\/\/pdr.org.br\/wp-content\/uploads\/2023\/07\/fundo_pdr-1024x651.jpg 1024w, https:\/\/pdr.org.br\/wp-content\/uploads\/2023\/07\/fundo_pdr-768x488.jpg 768w\" sizes=\"auto, (max-width: 1088px) 100vw, 1088px\" \/><div class=\"wp-block-cover__inner-container is-layout-flow wp-block-cover-is-layout-flow\">\n<h1 class=\"wp-block-heading has-text-align-center has-text-color\" style=\"color:#121212\"><em>Filantropia estrat\u00e9gica e investimentos de impacto <\/em><\/h1>\n\n\n\n<div class=\"wp-block-buttons is-content-justification-center is-layout-flex wp-container-core-buttons-is-layout-16018d1d wp-block-buttons-is-layout-flex\">\n<div class=\"wp-block-button is-style-secondary\"><a class=\"wp-block-button__link has-nv-dark-bg-color has-nv-site-bg-background-color has-text-color has-background wp-element-button\" href=\"https:\/\/pdr.org.br\/?page_id=24\" style=\"border-radius:0px\">SAIBA MAIS<\/a><\/div>\n\n\n\n<div class=\"wp-block-button is-style-secondary\"><a class=\"wp-block-button__link has-nv-dark-bg-color has-nv-site-bg-background-color has-text-color has-background wp-element-button\" href=\"https:\/\/pdr.org.br\/?page_id=164\">PROJETOS APOIADOS<\/a><\/div>\n<\/div>\n\n\n\n<p><\/p>\n<\/div><\/div>\n\n\n\n<div class=\"wp-block-cover alignfull\" style=\"min-height:505px;aspect-ratio:unset;\"><span aria-hidden=\"true\" class=\"wp-block-cover__background has-nv-light-bg-background-color has-background-dim-100 has-background-dim\"><\/span><div class=\"wp-block-cover__inner-container is-layout-flow wp-block-cover-is-layout-flow\">\n<div class=\"wp-block-group\"><div class=\"wp-block-group__inner-container is-layout-flow wp-block-group-is-layout-flow\">\n<div class=\"wp-block-columns are-vertically-aligned-center is-layout-flex wp-container-core-columns-is-layout-9d6595d7 wp-block-columns-is-layout-flex\">\n<div class=\"wp-block-column is-vertically-aligned-center is-layout-flow wp-block-column-is-layout-flow\" style=\"flex-basis:50%\">\n<figure class=\"wp-block-image size-large\"><img loading=\"lazy\" decoding=\"async\" width=\"1024\" height=\"593\" src=\"http:\/\/pdr.org.br\/wp-content\/uploads\/2023\/07\/cuxa-1024x593.jpg\" alt=\"\" class=\"wp-image-87\" srcset=\"https:\/\/pdr.org.br\/wp-content\/uploads\/2023\/07\/cuxa-1024x593.jpg 1024w, https:\/\/pdr.org.br\/wp-content\/uploads\/2023\/07\/cuxa-300x174.jpg 300w, https:\/\/pdr.org.br\/wp-content\/uploads\/2023\/07\/cuxa-768x445.jpg 768w, https:\/\/pdr.org.br\/wp-content\/uploads\/2023\/07\/cuxa.jpg 1160w\" sizes=\"auto, (max-width: 1024px) 100vw, 1024px\" \/><\/figure>\n<\/div>\n\n\n\n<div class=\"wp-block-column is-vertically-aligned-center is-layout-flow wp-block-column-is-layout-flow\" style=\"flex-basis:50%\">\n<div style=\"height:20px\" aria-hidden=\"true\" class=\"wp-block-spacer\"><\/div>\n\n\n\n<h2 class=\"wp-block-heading has-text-align-left has-neve-text-color-color has-text-color\">Organiza\u00e7\u00f5es sem fins lucrativos<\/h2>\n\n\n\n<p class=\"has-text-align-left has-neve-text-color-color has-text-color\" style=\"font-size:17px\">Promovemos causas de interesse p\u00fablico, em benef\u00edcio da sociedade, atrav\u00e9s da gest\u00e3o de fundo patrimonial e destina\u00e7\u00e3o de recursos a institui\u00e7\u00f5es apoiadas, nos termos da Lei 13.800\/19<\/p>\n\n\n\n<div class=\"wp-block-buttons is-content-justification-left is-layout-flex wp-container-core-buttons-is-layout-fdcfc74e wp-block-buttons-is-layout-flex\">\n<div class=\"wp-block-button is-style-primary\"><a class=\"wp-block-button__link wp-element-button\" href=\"https:\/\/pdr.org.br\/?page_id=164\">SAIBA MAIS<\/a><\/div>\n<\/div>\n<\/div>\n<\/div>\n\n\n\n<div style=\"height:40px\" aria-hidden=\"true\" class=\"wp-block-spacer\"><\/div>\n<\/div><\/div>\n<\/div><\/div>\n\n\n\n<div class=\"wp-block-cover alignfull\" style=\"min-height:600px;aspect-ratio:unset;\"><span aria-hidden=\"true\" class=\"wp-block-cover__background has-nv-dark-bg-background-color has-background-dim-100 has-background-dim\"><\/span><div class=\"wp-block-cover__inner-container is-layout-flow wp-block-cover-is-layout-flow\">\n<div class=\"wp-block-group\"><div class=\"wp-block-group__inner-container is-layout-flow wp-block-group-is-layout-flow\">\n<div class=\"wp-block-columns are-vertically-aligned-center is-layout-flex wp-container-core-columns-is-layout-9d6595d7 wp-block-columns-is-layout-flex\">\n<div class=\"wp-block-column is-vertically-aligned-center is-layout-flow wp-block-column-is-layout-flow\" style=\"flex-basis:50%\">\n<figure class=\"wp-block-image size-full\"><img loading=\"lazy\" decoding=\"async\" width=\"878\" height=\"580\" src=\"http:\/\/pdr.org.br\/wp-content\/uploads\/2023\/07\/civi-co.webp\" alt=\"\" class=\"wp-image-89\" srcset=\"https:\/\/pdr.org.br\/wp-content\/uploads\/2023\/07\/civi-co.webp 878w, https:\/\/pdr.org.br\/wp-content\/uploads\/2023\/07\/civi-co-300x198.webp 300w, https:\/\/pdr.org.br\/wp-content\/uploads\/2023\/07\/civi-co-768x507.webp 768w\" sizes=\"auto, (max-width: 878px) 100vw, 878px\" \/><\/figure>\n<\/div>\n\n\n\n<div class=\"wp-block-column is-vertically-aligned-center is-layout-flow wp-block-column-is-layout-flow\" style=\"flex-basis:50%\">\n<div style=\"height:40px\" aria-hidden=\"true\" class=\"wp-block-spacer\"><\/div>\n\n\n\n<h2 class=\"wp-block-heading has-text-align-left has-nv-text-dark-bg-color has-text-color\">Neg\u00f3cios de impacto<\/h2>\n\n\n\n<p class=\"has-text-align-left has-nv-text-dark-bg-color has-text-color\" style=\"font-size:17px\">Fazemos investimentos de est\u00e1gio inicial em neg\u00f3cios sociais com grande potencial de impacto positivo na sociedade.<\/p>\n\n\n\n<div class=\"wp-block-buttons is-content-justification-left is-layout-flex wp-container-core-buttons-is-layout-fdcfc74e wp-block-buttons-is-layout-flex\">\n<div class=\"wp-block-button is-style-primary\"><a class=\"wp-block-button__link wp-element-button\" href=\"https:\/\/pdr.org.br\/?page_id=185\">SAIBA MAIS<\/a><\/div>\n<\/div>\n<\/div>\n<\/div>\n\n\n\n<div style=\"height:40px\" aria-hidden=\"true\" class=\"wp-block-spacer\"><\/div>\n<\/div><\/div>\n<\/div><\/div>\n","protected":false},"excerpt":{"rendered":"","protected":false},"author":1,"featured_media":0,"parent":0,"menu_order":0,"comment_status":"closed","ping_status":"closed","template":"","meta":{"neve_meta_sidebar":"","neve_meta_container":"","neve_meta_enable_content_width":"on","neve_meta_content_width":100,"neve_meta_title_alignment":"","neve_meta_author_avatar":"","neve_post_elements_order":"","neve_meta_disable_header":"","neve_meta_disable_footer":"","neve_meta_disable_title":"on","footnotes":""},"class_list":["post-23","page","type-page","status-publish","hentry"],"_links":{"self":[{"href":"https:\/\/pdr.org.br\/index.php?rest_route=\/wp\/v2\/pages\/23","targetHints":{"allow":["GET"]}}],"collection":[{"href":"https:\/\/pdr.org.br\/index.php?rest_route=\/wp\/v2\/pages"}],"about":[{"href":"https:\/\/pdr.org.br\/index.php?rest_route=\/wp\/v2\/types\/page"}],"author":[{"embeddable":true,"href":"https:\/\/pdr.org.br\/index.php?rest_route=\/wp\/v2\/users\/1"}],"replies":[{"embeddable":true,"href":"https:\/\/pdr.org.br\/index.php?rest_route=%2Fwp%2Fv2%2Fcomments&post=23"}],"version-history":[{"count":33,"href":"https:\/\/pdr.org.br\/index.php?rest_route=\/wp\/v2\/pages\/23\/revisions"}],"predecessor-version":[{"id":244,"href":"https:\/\/pdr.org.br\/index.php?rest_route=\/wp\/v2\/pages\/23\/revisions\/244"}],"wp:attachment":[{"href":"https:\/\/pdr.org.br\/index.php?rest_route=%2Fwp%2Fv2%2Fmedia&parent=23"}],"curies":[{"name":"wp","href":"https:\/\/api.w.org\/{rel}","templated":true}]}}